 prime?
False
Is 18516473 a composite number?
True
Is 136556575894 composite?
True
Is 1358398271 composite?
False
Is 846574073 a composite number?
True
Is 13908993011 a composite number?
False
Is 864785797 composite?
False
Is 295743751 a composite number?
True
Is 331033519 a prime number?
False
Is 35794740493 prime?
True
Is 17133368419 prime?
True
Is 33200608091 a prime number?
False
Is 2947069702 a composite number?
True
Is 127195484659 a prime number?
True
Is 370793818 prime?
False
Is 2490407059 composite?
True
Is 12629829067 a prime number?
False
Is 156131277 prime?
False
Is 107552363 prime?
False
Is 6332514833 a composite number?
False
Is 17184825121 a prime number?
False
Is 1470635221 a composite number?
True
Is 118804417 prime?
True
Is 7132953689 composite?
False
Is 3833307287 prime?
True
Is 10424856617 composite?
True
Is 316774033 a composite number?
True
Is 1146712963 a prime number?
False
Is 768983521 prime?
False
Is 333217083 composite?
True
Is 1000188977 prime?
True
Is 205661363 a composite number?
False
Is 2846531353 a composite number?
False
Is 8873056637 prime?
False
Is 800166049 a prime number?
True
Is 5393252989 prime?
False
Is 47463583691 prime?
True
Is 129704693 prime?
True
Is 33630491627 composite?
False
Is 12704197657 a prime number?
True
Is 3281462441 prime?
True
Is 2422171571 a composite number?
False
Is 5349912571 composite?
True
Is 46581419 prime?
False
Is 65175682531 a composite number?
False
Is 1144377053 prime?
False
Is 31749079 prime?
False
Is 39460743877 prime?
True
Is 10185383629 a composite number?
False
Is 54174061727 prime?
False
Is 1909692481 composite?
False
Is 1612872469 prime?
False
Is 6100054811 composite?
True
Is 151982701 a composite number?
True
Is 65541032203 a composite number?
True
Is 13663289 prime?
True
Is 7814545546 prime?
False
Is 855291977 composite?
True
Is 1959386783 a prime number?
True
Is 61103447281 prime?
True
Is 1563216703 composite?
False
Is 3705109657 a composite number?
False
Is 2706734977 a prime number?
True
Is 11783988673 prime?
False
Is 126639739267 a prime number?
False
Is 521444879 a prime number?
False
Is 27454569983 a prime number?
True
Is 27066998737 a prime number?
True
Is 22592379877 a prime number?
True
Is 309290581 prime?
True
Is 1797564497 composite?
False
Is 184806421 a composite number?
False
Is 944913217 prime?
False
Is 101136653305 a composite number?
True
Is 115184053 composite?
False
Is 182651399 prime?
False
Is 65902529411 a composite number?
True
Is 24878149919 prime?
False
Is 5989992413 a prime number?
False
Is 1821312277 composite?
True
Is 26459503799 prime?
False
Is 5394071741 composite?
True
Is 4284013579 composite?
False
Is 40721424335 prime?
False
Is 1489539763 prime?
False
Is 10435732529 prime?
False
Is 17818843477 composite?
True
Is 20690516195 prime?
False
Is 248691050189 prime?
True
Is 9874384093 composite?
True
Is 118693231 a prime number?
False
Is 16342497391 a composite number?
True
Is 1452078217 composite?
False
Is 3827059223 prime?
False
Is 8229186221 a prime number?
True
Is 7358518109 a prime number?
True
Is 31474361 a composite number?
True
Is 80836540921 prime?
True
Is 8289110793 prime?
False
Is 833684269 a prime number?
False
Is 1073848183 a prime number?
True
Is 15688399745 composite?
True
Is 25751613467 composite?
True
Is 2181797741 prime?
True
Is 181352411 a prime number?
True
Is 326437159 a prime number?
True
Is 156157237805 composite?
True
Is 667832309 a composite number?
True
Is 3988112981 prime?
False
Is 7350961003 composite?
True
Is 8499058031 a composite number?
False
Is 1475606831 prime?
False
Is 6723654221 composite?
True
Is 11230744871 prime?
True
Is 7226590115 composite?
True
Is 54039776551 prime?
False
Is 10676101043 a composite number?
False
Is 1321919839 a prime number?
False
Is 2767108661 prime?
True
Is 749261203 prime?
False
Is 1701232381 a prime number?
False
Is 5866090367 a prime number?
True
Is 3267703279 prime?
True
Is 563325251 a composite number?
False
Is 2796268313 a prime number?
True
Is 52393998409 a composite number?
False
Is 1615946117 a prime number?
False
Is 131422176959 composite?
False
Is 3765180487 composite?
True
Is 614139751 a prime number?
True
Is 76179622469 composite?
True
Is 4794449857 a prime number?
True
Is 14688018266 prime?
False
Is 6174199 prime?
False
Is 3336398391 composite?
True
Is 341555361853 prime?
False
Is 2148489841 prime?
False
Is 9767559383 composite?
False
Is 3126791203 composite?
False
Is 2299666709 a composite number?
False
Is 3819154291 a composite number?
False
Is 490990931 composite?
False
Is 4728916889 a composite number?
False
Is 43662624007 a prime number?
False
Is 424866401 a composite number?
True
Is 27651210761 prime?
True
Is 4693681327 composite?
False
Is 991233821 composite?
False
Is 48828753481 a prime number?
True
Is 8390942023 a composite number?
False
Is 732941087 composite?
True
Is 75817360799 a prime number?
False
Is 7103612203 prime?
False
Is 2139133 prime?
False
Is 4204913113 composite?
True
Is 17069036493 a composite number?
True
Is 565015793 a prime number?
False
Is 13915701329 composite?
False
Is 699601781 a composite number?
False
Is 36196108523 prime?
True
Is 630623689 composite?
True
Is 618605389 prime?
True
Is 97993838009 a composite number?
False
Is 14902842131 prime?
False
Is 907429307 prime?
False
Is 358665940253 composite?
True
Is 62404678715 a prime number?
False
Is 1833368863 a composite number?
True
Is 121299181 prime?
True
Is 6300646637 a prime number?
True
Is 42359725729 prime?
True
Is 417758611 a composite number?
True
Is 24300858143 prime?
True
Is 5335181993 prime?
False
Is 4878312487 prime?
True
Is 2039787251 prime?
False
Is 358192517 prime?
False
Is 547484401 prime?
False
Is 1331666179 composite?
False
Is 5082752867 a composite number?
False
Is 10610077103 prime?
False
Is 488607103 prime?
True
Is 14441690509 composite?
False
Is 12086014807 prime?
True
Is 68458755571 a prime number?
True
Is 2363549411 prime?
True
Is 1116674477 prime?
True
Is 12734964271 a composite number?
True
Is 6101844019 a composite number?
True
Is 141804673 prime?
False
Is 15570343463 prime?
True
Is 86763447751 composite?
False
Is 2015326361 prime?
True
Is 1013780401 a prime number?
False
Is 15552976099 composite?
True
Is 364300567 composite?
True
Is 188720993 prime?
False
Is 66522928981 prime?
True
Is 20412155389 a prime number?
False
Is 68495990047 prime?
False
Is 1435666753 prime?
False
Is 23457438497 composite?
False
Is 10661592947 a composite number?
False
Is 702263141 a composite number?
False
Is 2180889413 a composite number?
False
Is 5390753293 a prime number?
False
Is 23919804341 a composite number?
True
Is 4960104731 prime?
False
Is 401414749 a composite number?
True
Is 21683718923 composite?
False
Is 6629887807 prime?
False
Is 13842156623 prime?
True
Is 2138089231 prime?
True
Is 32603759 prime?
False
Is 3138536143 composite?
False
Is 11395319167 a prime number?
True
Is 5299236122 prime?
False
Is 42089137253 a composite number?
True
Is 10837414661 composite?
False
Is 1637471413 a composite number?
False
Is 1128626867 composite?
False
Is 43589875709 a composite number?
True
Is 75296816645 a composite number?
True
Is 2575478993 composite?
False
Is 1474475437 a composite number?
False
Is 154105109 composite?
True
Is 6239689373 composite?
True
Is 61521802039 a prime number?
False
Is 552483931 a composite number?
False
Is 119758521 a composite number?
True
Is 38310320183 composite?
True
Is 1206566059 prime?
True
Is 20218388659 a composite number?
True
Is 1487983247 prime?
False
Is 2028771187 a prime number?
False
Is 92306067887 a prime number?
False
Is 2171063879 composite?
False
Is 786478247 a composite number?
True
Is 236114237 prime?
True
Is 1067607179 prime?
True
Is 3310774601 a composite number?
False
Is 16412995529 a composite number?
True
Is 3076954823 composite?
False
Is 4730927167 prime?
False
Is 60341711 prime?
True
Is 18912759611 prime?
True
Is 338618081 a prime number?
True
Is 15357012743 composite?
True
Is 8243660639 prime?
True
Is 11794203457 prime?
True
Is 596227631 composite?
True
Is 2804326417 composite?
False
Is 855252599 prime?
False
Is 11947143577 composite?
False
Is 209561638333 a composite number?
False
Is 41675333221 a composite number?
False
Is 5